{"id":2710,"date":"2023-06-15T12:11:01","date_gmt":"2023-06-15T10:11:01","guid":{"rendered":"https:\/\/riedel-schatz.de\/?page_id=2710"},"modified":"2025-04-01T09:24:11","modified_gmt":"2025-04-01T07:24:11","slug":"jobangebote-new","status":"publish","type":"page","link":"https:\/\/riedel-schatz.de\/?page_id=2710","title":{"rendered":"Jobangebote"},"content":{"rendered":"\t\t<div data-elementor-type=\"wp-page\" data-elementor-id=\"2710\" class=\"elementor elementor-2710\">\n\t\t\t\t\t\t\t<div class=\"elementor-element elementor-element-cf99346 e-flex e-con-boxed e-con\" data-id=\"cf99346\" data-element_type=\"container\" data-settings=\"{&quot;content_width&quot;:&quot;boxed&quot;}\">\n\t\t\t\t\t<div class=\"e-con-inner\">\n\t\t<div class=\"elementor-element elementor-element-764181e e-flex e-con-boxed e-con\" data-id=\"764181e\" data-element_type=\"container\" data-settings=\"{&quot;content_width&quot;:&quot;boxed&quot;}\">\n\t\t\t\t\t<div class=\"e-con-inner\">\n\t\t\t\t<div class=\"elementor-element elementor-element-266ea1c jltma-glass-effect-no elementor-widget elementor-widget-heading\" data-id=\"266ea1c\" data-element_type=\"widget\" data-widget_type=\"heading.default\">\n\t\t\t\t<div class=\"elementor-widget-container\">\n\t\t\t<style>\/*! elementor - v3.15.0 - 20-08-2023 *\/\n.elementor-heading-title{padding:0;margin:0;line-height:1}.elementor-widget-heading .elementor-heading-title[class*=elementor-size-]>a{color:inherit;font-size:inherit;line-height:inherit}.elementor-widget-heading .elementor-heading-title.elementor-size-small{font-size:15px}.elementor-widget-heading .elementor-heading-title.elementor-size-medium{font-size:19px}.elementor-widget-heading .elementor-heading-title.elementor-size-large{font-size:29px}.elementor-widget-heading .elementor-heading-title.elementor-size-xl{font-size:39px}.elementor-widget-heading .elementor-heading-title.elementor-size-xxl{font-size:59px}<\/style><h2 class=\"elementor-heading-title elementor-size-default\">Wir stellen ein<\/h2>\t\t<\/div>\n\t\t\t\t<\/div>\n\t\t\t\t<div class=\"elementor-element elementor-element-89a9b22 jltma-glass-effect-no elementor-widget elementor-widget-heading\" data-id=\"89a9b22\" data-element_type=\"widget\" data-widget_type=\"heading.default\">\n\t\t\t\t<div class=\"elementor-widget-container\">\n\t\t\t<h2 class=\"elementor-heading-title elementor-size-default\">Jobangebote<\/h2>\t\t<\/div>\n\t\t\t\t<\/div>\n\t\t\t\t\t<\/div>\n\t\t\t\t<\/div>\n\t\t\t\t\t<\/div>\n\t\t\t\t<\/div>\n\t\t<div class=\"elementor-element elementor-element-003d38c e-flex e-con-boxed e-con\" data-id=\"003d38c\" data-element_type=\"container\" data-settings=\"{&quot;content_width&quot;:&quot;boxed&quot;}\">\n\t\t\t\t\t<div class=\"e-con-inner\">\n\t\t<div class=\"elementor-element elementor-element-57cbfd9 e-flex e-con-boxed e-con\" data-id=\"57cbfd9\" data-element_type=\"container\" data-settings=\"{&quot;content_width&quot;:&quot;boxed&quot;}\">\n\t\t\t\t\t<div class=\"e-con-inner\">\n\t\t\t\t<div class=\"elementor-element elementor-element-cd446d4 jltma-glass-effect-no elementor-widget elementor-widget-heading\" data-id=\"cd446d4\" data-element_type=\"widget\" data-widget_type=\"heading.default\">\n\t\t\t\t<div class=\"elementor-widget-container\">\n\t\t\t<h2 class=\"elementor-heading-title elementor-size-default\">Verk\u00e4uferin in Teil-\/Vollzeit<\/h2>\t\t<\/div>\n\t\t\t\t<\/div>\n\t\t\t\t<div class=\"elementor-element elementor-element-bafdfd2 jltma-glass-effect-no elementor-widget elementor-widget-heading\" data-id=\"bafdfd2\" data-element_type=\"widget\" data-widget_type=\"heading.default\">\n\t\t\t\t<div class=\"elementor-widget-container\">\n\t\t\t<h3 class=\"elementor-heading-title elementor-size-default\">im Bereich Mode oder Wohnen & Schenken<\/h3>\t\t<\/div>\n\t\t\t\t<\/div>\n\t\t\t\t<div class=\"elementor-element elementor-element-984a774 jltma-glass-effect-no elementor-widget elementor-widget-image\" data-id=\"984a774\" data-element_type=\"widget\" data-widget_type=\"image.default\">\n\t\t\t\t<div class=\"elementor-widget-container\">\n\t\t\t<style>\/*! elementor - v3.15.0 - 20-08-2023 *\/\n.elementor-widget-image{text-align:center}.elementor-widget-image a{display:inline-block}.elementor-widget-image a img[src$=\".svg\"]{width:48px}.elementor-widget-image img{vertical-align:middle;display:inline-block}<\/style>\t\t\t\t\t\t\t\t\t\t\t\t<img decoding=\"async\" width=\"1024\" height=\"885\" src=\"https:\/\/riedel-schatz.de\/wp-content\/uploads\/2016\/06\/Home-Events-1024x885.png\" class=\"attachment-large size-large wp-image-1841\" alt=\"\" loading=\"lazy\" srcset=\"https:\/\/riedel-schatz.de\/wp-content\/uploads\/2016\/06\/Home-Events-1024x885.png 1024w, https:\/\/riedel-schatz.de\/wp-content\/uploads\/2016\/06\/Home-Events-300x259.png 300w, https:\/\/riedel-schatz.de\/wp-content\/uploads\/2016\/06\/Home-Events-768x664.png 768w, https:\/\/riedel-schatz.de\/wp-content\/uploads\/2016\/06\/Home-Events-200x173.png 200w, https:\/\/riedel-schatz.de\/wp-content\/uploads\/2016\/06\/Home-Events-400x346.png 400w, https:\/\/riedel-schatz.de\/wp-content\/uploads\/2016\/06\/Home-Events-600x519.png 600w, https:\/\/riedel-schatz.de\/wp-content\/uploads\/2016\/06\/Home-Events-800x692.png 800w, https:\/\/riedel-schatz.de\/wp-content\/uploads\/2016\/06\/Home-Events.png 1042w\" sizes=\"(max-width: 1024px) 100vw, 1024px\" \/>\t\t\t\t\t\t\t\t\t\t\t\t\t\t\t<\/div>\n\t\t\t\t<\/div>\n\t\t\t\t<div class=\"elementor-element elementor-element-f6cc001 jltma-glass-effect-no elementor-widget elementor-widget-text-editor\" data-id=\"f6cc001\" data-element_type=\"widget\" data-widget_type=\"text-editor.default\">\n\t\t\t\t<div class=\"elementor-widget-container\">\n\t\t\t<style>\/*! elementor - v3.15.0 - 20-08-2023 *\/\n.elementor-widget-text-editor.elementor-drop-cap-view-stacked .elementor-drop-cap{background-color:#69727d;color:#fff}.elementor-widget-text-editor.elementor-drop-cap-view-framed .elementor-drop-cap{color:#69727d;border:3px solid;background-color:transparent}.elementor-widget-text-editor:not(.elementor-drop-cap-view-default) .elementor-drop-cap{margin-top:8px}.elementor-widget-text-editor:not(.elementor-drop-cap-view-default) .elementor-drop-cap-letter{width:1em;height:1em}.elementor-widget-text-editor .elementor-drop-cap{float:left;text-align:center;line-height:1;font-size:50px}.elementor-widget-text-editor .elementor-drop-cap-letter{display:inline-block}<\/style>\t\t\t\t<p>Sie haben Berufserfahrung im Verkauf, ein kompetentes, sympathisches Auftreten sowie gepflegtes Erscheinungsbild und begeistern sich f\u00fcr Markenmode, Trends und ausgefallene Kombinationsm\u00f6glichkeiten? Oder sie lieben es Ihr Zuhause\u00a0 sch\u00f6n und immer trendbewusst zu gestalten?<br \/>Wenn sie jetzt noch verantwortungsvoll, zuverl\u00e4ssig, motivierte und serviceorientiert sind und gerne mit netten Kolleginnen in einer sehr sch\u00f6nen Atmosph\u00e4re zusammenarbeiten m\u00f6chten, senden Sie uns bitte Ihre Bewerbung an info@riedel-schatz-buero.de<\/p>\t\t\t\t\t\t<\/div>\n\t\t\t\t<\/div>\n\t\t\t\t<div class=\"elementor-element elementor-element-7d4edfb elementor-align-left jltma-glass-effect-no elementor-widget elementor-widget-button\" data-id=\"7d4edfb\" data-element_type=\"widget\" data-widget_type=\"button.default\">\n\t\t\t\t<div class=\"elementor-widget-container\">\n\t\t\t\t\t<div class=\"elementor-button-wrapper\">\n\t\t\t<a class=\"elementor-button elementor-button-link elementor-size-sm\" href=\"https:\/\/jobsaround.tv\/smartvideo\/2de5704061532a380aecb\">\n\t\t\t\t\t\t<span class=\"elementor-button-content-wrapper\">\n\t\t\t\t\t\t<span class=\"elementor-button-text\">Hier Klicken<\/span>\n\t\t<\/span>\n\t\t\t\t\t<\/a>\n\t\t<\/div>\n\t\t\t\t<\/div>\n\t\t\t\t<\/div>\n\t\t\t\t\t<\/div>\n\t\t\t\t<\/div>\n\t\t<div class=\"elementor-element elementor-element-350b30c e-flex e-con-boxed e-con\" data-id=\"350b30c\" data-element_type=\"container\" data-settings=\"{&quot;content_width&quot;:&quot;boxed&quot;}\">\n\t\t\t\t\t<div class=\"e-con-inner\">\n\t\t\t\t<div class=\"elementor-element elementor-element-64a6295 jltma-glass-effect-no elementor-widget elementor-widget-heading\" data-id=\"64a6295\" data-element_type=\"widget\" data-widget_type=\"heading.default\">\n\t\t\t\t<div class=\"elementor-widget-container\">\n\t\t\t<h2 class=\"elementor-heading-title elementor-size-default\">Assistenz der Fillialleitung<\/h2>\t\t<\/div>\n\t\t\t\t<\/div>\n\t\t\t\t<div class=\"elementor-element elementor-element-a62947e jltma-glass-effect-no elementor-widget elementor-widget-heading\" data-id=\"a62947e\" data-element_type=\"widget\" data-widget_type=\"heading.default\">\n\t\t\t\t<div class=\"elementor-widget-container\">\n\t\t\t<h3 class=\"elementor-heading-title elementor-size-default\"> im Bereich Mode oder Wohnen & Schenken<\/h3>\t\t<\/div>\n\t\t\t\t<\/div>\n\t\t\t\t<div class=\"elementor-element elementor-element-c9942c1 jltma-glass-effect-no elementor-widget elementor-widget-image\" data-id=\"c9942c1\" data-element_type=\"widget\" data-widget_type=\"image.default\">\n\t\t\t\t<div class=\"elementor-widget-container\">\n\t\t\t\t\t\t\t\t\t\t\t\t\t\t\t<img decoding=\"async\" width=\"1024\" height=\"885\" src=\"https:\/\/riedel-schatz.de\/wp-content\/uploads\/2023\/02\/eventwebsite-1024x885.jpg\" class=\"attachment-large size-large wp-image-2579\" alt=\"\" loading=\"lazy\" srcset=\"https:\/\/riedel-schatz.de\/wp-content\/uploads\/2023\/02\/eventwebsite-1024x885.jpg 1024w, https:\/\/riedel-schatz.de\/wp-content\/uploads\/2023\/02\/eventwebsite-300x259.jpg 300w, https:\/\/riedel-schatz.de\/wp-content\/uploads\/2023\/02\/eventwebsite-768x664.jpg 768w, https:\/\/riedel-schatz.de\/wp-content\/uploads\/2023\/02\/eventwebsite-1536x1327.jpg 1536w, https:\/\/riedel-schatz.de\/wp-content\/uploads\/2023\/02\/eventwebsite-2048x1770.jpg 2048w, https:\/\/riedel-schatz.de\/wp-content\/uploads\/2023\/02\/eventwebsite-200x173.jpg 200w, https:\/\/riedel-schatz.de\/wp-content\/uploads\/2023\/02\/eventwebsite-400x346.jpg 400w, https:\/\/riedel-schatz.de\/wp-content\/uploads\/2023\/02\/eventwebsite-600x518.jpg 600w, https:\/\/riedel-schatz.de\/wp-content\/uploads\/2023\/02\/eventwebsite-800x691.jpg 800w, https:\/\/riedel-schatz.de\/wp-content\/uploads\/2023\/02\/eventwebsite-1200x1037.jpg 1200w\" sizes=\"(max-width: 1024px) 100vw, 1024px\" \/>\t\t\t\t\t\t\t\t\t\t\t\t\t\t\t<\/div>\n\t\t\t\t<\/div>\n\t\t\t\t<div class=\"elementor-element elementor-element-a7f2099 jltma-glass-effect-no elementor-widget elementor-widget-text-editor\" data-id=\"a7f2099\" data-element_type=\"widget\" data-widget_type=\"text-editor.default\">\n\t\t\t\t<div class=\"elementor-widget-container\">\n\t\t\t\t\t\t\t<p>Sie haben Berufserfahrung im Verkauf, F\u00fchrrungsqualit\u00e4ten, ein kompetentes, sympathisches Auftreten sowie gepflegtes Erscheinungsbild und begeistern sich f\u00fcr Markenmode, Trends und ausgefallene Kombinationsm\u00f6glichkeiten?<br \/>Wenn sie jetzt noch verantwortungsvoll, zuverl\u00e4ssig, motivierte und serviceorientiert sind und gerne mit netten Kolleginnen in einer sehr sch\u00f6nen Atmosph\u00e4re zusammenarbeiten m\u00f6chten, senden Sie uns bitte Ihre Bewerbung an info@riedel-schatz-buero.de<\/p>\t\t\t\t\t\t<\/div>\n\t\t\t\t<\/div>\n\t\t\t\t<div class=\"elementor-element elementor-element-d7f6410 jltma-glass-effect-no elementor-widget elementor-widget-spacer\" data-id=\"d7f6410\" data-element_type=\"widget\" data-widget_type=\"spacer.default\">\n\t\t\t\t<div class=\"elementor-widget-container\">\n\t\t\t<style>\/*! elementor - v3.15.0 - 20-08-2023 *\/\n.elementor-column .elementor-spacer-inner{height:var(--spacer-size)}.e-con{--container-widget-width:100%}.e-con-inner>.elementor-widget-spacer,.e-con>.elementor-widget-spacer{width:var(--container-widget-width,var(--spacer-size));--align-self:var(--container-widget-align-self,initial);--flex-shrink:0}.e-con-inner>.elementor-widget-spacer>.elementor-widget-container,.e-con-inner>.elementor-widget-spacer>.elementor-widget-container>.elementor-spacer,.e-con>.elementor-widget-spacer>.elementor-widget-container,.e-con>.elementor-widget-spacer>.elementor-widget-container>.elementor-spacer{height:100%}.e-con-inner>.elementor-widget-spacer>.elementor-widget-container>.elementor-spacer>.elementor-spacer-inner,.e-con>.elementor-widget-spacer>.elementor-widget-container>.elementor-spacer>.elementor-spacer-inner{height:var(--container-widget-height,var(--spacer-size))}<\/style>\t\t<div class=\"elementor-spacer\">\n\t\t\t<div class=\"elementor-spacer-inner\"><\/div>\n\t\t<\/div>\n\t\t\t\t<\/div>\n\t\t\t\t<\/div>\n\t\t\t\t<div class=\"elementor-element elementor-element-6ba100e elementor-align-left jltma-glass-effect-no elementor-widget elementor-widget-button\" data-id=\"6ba100e\" data-element_type=\"widget\" data-widget_type=\"button.default\">\n\t\t\t\t<div class=\"elementor-widget-container\">\n\t\t\t\t\t<div class=\"elementor-button-wrapper\">\n\t\t\t<a class=\"elementor-button elementor-button-link elementor-size-sm\" href=\"https:\/\/jobsaround.tv\/smartvideo\/2de5704061532a380aecb\">\n\t\t\t\t\t\t<span class=\"elementor-button-content-wrapper\">\n\t\t\t\t\t\t<span class=\"elementor-button-text\">Hier Klicken<\/span>\n\t\t<\/span>\n\t\t\t\t\t<\/a>\n\t\t<\/div>\n\t\t\t\t<\/div>\n\t\t\t\t<\/div>\n\t\t\t\t\t<\/div>\n\t\t\t\t<\/div>\n\t\t\t\t\t<\/div>\n\t\t\t\t<\/div>\n\t\t<div class=\"elementor-element elementor-element-6ba1dec e-flex e-con-boxed e-con\" data-id=\"6ba1dec\" data-element_type=\"container\" data-settings=\"{&quot;content_width&quot;:&quot;boxed&quot;}\">\n\t\t\t\t\t<div class=\"e-con-inner\">\n\t\t<div class=\"elementor-element elementor-element-845630c e-flex e-con-boxed e-con\" data-id=\"845630c\" data-element_type=\"container\" data-settings=\"{&quot;content_width&quot;:&quot;boxed&quot;}\">\n\t\t\t\t\t<div class=\"e-con-inner\">\n\t\t\t\t<div class=\"elementor-element elementor-element-71632d3 jltma-glass-effect-no elementor-widget elementor-widget-heading\" data-id=\"71632d3\" data-element_type=\"widget\" data-widget_type=\"heading.default\">\n\t\t\t\t<div class=\"elementor-widget-container\">\n\t\t\t<h2 class=\"elementor-heading-title elementor-size-default\">Ausbildung als Verk\u00e4ufer\/in  oder Kaufleute im Einzelhandel\n<\/h2>\t\t<\/div>\n\t\t\t\t<\/div>\n\t\t\t\t<div class=\"elementor-element elementor-element-c03d966 jltma-glass-effect-no elementor-widget elementor-widget-heading\" data-id=\"c03d966\" data-element_type=\"widget\" data-widget_type=\"heading.default\">\n\t\t\t\t<div class=\"elementor-widget-container\">\n\t\t\t<h3 class=\"elementor-heading-title elementor-size-default\">im Bereich Geschenkartikel und Mode\n\n<\/h3>\t\t<\/div>\n\t\t\t\t<\/div>\n\t\t\t\t<div class=\"elementor-element elementor-element-7dad9dc jltma-glass-effect-no elementor-widget elementor-widget-image\" data-id=\"7dad9dc\" data-element_type=\"widget\" data-widget_type=\"image.default\">\n\t\t\t\t<div class=\"elementor-widget-container\">\n\t\t\t\t\t\t\t\t\t\t\t\t\t\t\t<img decoding=\"async\" width=\"500\" height=\"436\" src=\"https:\/\/riedel-schatz.de\/wp-content\/uploads\/2016\/06\/verpackung.jpg\" class=\"attachment-large size-large wp-image-1064\" alt=\"\" loading=\"lazy\" srcset=\"https:\/\/riedel-schatz.de\/wp-content\/uploads\/2016\/06\/verpackung.jpg 500w, https:\/\/riedel-schatz.de\/wp-content\/uploads\/2016\/06\/verpackung-300x262.jpg 300w, https:\/\/riedel-schatz.de\/wp-content\/uploads\/2016\/06\/verpackung-200x174.jpg 200w, https:\/\/riedel-schatz.de\/wp-content\/uploads\/2016\/06\/verpackung-400x349.jpg 400w\" sizes=\"(max-width: 500px) 100vw, 500px\" \/>\t\t\t\t\t\t\t\t\t\t\t\t\t\t\t<\/div>\n\t\t\t\t<\/div>\n\t\t\t\t<div class=\"elementor-element elementor-element-3d96e80 jltma-glass-effect-no elementor-widget elementor-widget-text-editor\" data-id=\"3d96e80\" data-element_type=\"widget\" data-widget_type=\"text-editor.default\">\n\t\t\t\t<div class=\"elementor-widget-container\">\n\t\t\t\t\t\t\t<p>Wir suchen Dich!<br \/>Wenn Du mittlere Reife oder bereits eine abgeschlossene Ausbildung in einem anderen Bereich hast, freundlich, kontaktfreudig bist und Spa\u00df am Umgang mit Kunden hast, dann bewirb Dich bei uns.<br \/>Wir erwarten Zuverl\u00e4ssigkeit, Motivation und selbstbewusstes, serviceorientiertes Auftreten gegen\u00fcber Kunden und Kollegen und bieten Dir die gute Atmosph\u00e4re eines Familienunternehmens sowie eine hohe Ausbildungsqualit\u00e4t durch unsere lange Ausbildungstradition.<br \/>Wenn Du Dich durch unser Angebot angesprochen f\u00fchlst und Dich in unserem Anforderungsprofil wiederfindest, dann schick uns Deine Bewerbung an info@riedel-schatz-buero.de<br \/>Wir freuen uns auf Dich!<\/p>\t\t\t\t\t\t<\/div>\n\t\t\t\t<\/div>\n\t\t\t\t\t<\/div>\n\t\t\t\t<\/div>\n\t\t<div class=\"elementor-element elementor-element-f067f49 e-flex e-con-boxed e-con\" data-id=\"f067f49\" data-element_type=\"container\" data-settings=\"{&quot;content_width&quot;:&quot;boxed&quot;}\">\n\t\t\t\t\t<div class=\"e-con-inner\">\n\t\t\t\t<div class=\"elementor-element elementor-element-9b4285d jltma-glass-effect-no elementor-widget elementor-widget-heading\" data-id=\"9b4285d\" data-element_type=\"widget\" data-widget_type=\"heading.default\">\n\t\t\t\t<div class=\"elementor-widget-container\">\n\t\t\t<h2 class=\"elementor-heading-title elementor-size-default\">Duales Studium<\/h2>\t\t<\/div>\n\t\t\t\t<\/div>\n\t\t\t\t<div class=\"elementor-element elementor-element-eb67610 jltma-glass-effect-no elementor-widget elementor-widget-heading\" data-id=\"eb67610\" data-element_type=\"widget\" data-widget_type=\"heading.default\">\n\t\t\t\t<div class=\"elementor-widget-container\">\n\t\t\t<h3 class=\"elementor-heading-title elementor-size-default\">Fashion Management, Handels Management, BWL-Handel oder Textilbetriebswirt?<\/h3>\t\t<\/div>\n\t\t\t\t<\/div>\n\t\t\t\t<div class=\"elementor-element elementor-element-5dc14e5 jltma-glass-effect-no elementor-widget elementor-widget-image\" data-id=\"5dc14e5\" data-element_type=\"widget\" data-widget_type=\"image.default\">\n\t\t\t\t<div class=\"elementor-widget-container\">\n\t\t\t\t\t\t\t\t\t\t\t\t\t\t\t<img decoding=\"async\" width=\"1024\" height=\"885\" src=\"https:\/\/riedel-schatz.de\/wp-content\/uploads\/2016\/06\/Home-New-arrivals-1024x885.png\" class=\"attachment-large size-large wp-image-1843\" alt=\"\" loading=\"lazy\" srcset=\"https:\/\/riedel-schatz.de\/wp-content\/uploads\/2016\/06\/Home-New-arrivals-1024x885.png 1024w, https:\/\/riedel-schatz.de\/wp-content\/uploads\/2016\/06\/Home-New-arrivals-300x259.png 300w, https:\/\/riedel-schatz.de\/wp-content\/uploads\/2016\/06\/Home-New-arrivals-768x664.png 768w, https:\/\/riedel-schatz.de\/wp-content\/uploads\/2016\/06\/Home-New-arrivals-200x173.png 200w, https:\/\/riedel-schatz.de\/wp-content\/uploads\/2016\/06\/Home-New-arrivals-400x346.png 400w, https:\/\/riedel-schatz.de\/wp-content\/uploads\/2016\/06\/Home-New-arrivals-600x519.png 600w, https:\/\/riedel-schatz.de\/wp-content\/uploads\/2016\/06\/Home-New-arrivals-800x692.png 800w, https:\/\/riedel-schatz.de\/wp-content\/uploads\/2016\/06\/Home-New-arrivals.png 1042w\" sizes=\"(max-width: 1024px) 100vw, 1024px\" \/>\t\t\t\t\t\t\t\t\t\t\t\t\t\t\t<\/div>\n\t\t\t\t<\/div>\n\t\t\t\t<div class=\"elementor-element elementor-element-100f2d4 jltma-glass-effect-no elementor-widget elementor-widget-text-editor\" data-id=\"100f2d4\" data-element_type=\"widget\" data-widget_type=\"text-editor.default\">\n\t\t\t\t<div class=\"elementor-widget-container\">\n\t\t\t\t\t\t\t<p>In Kooperation mit drei dualen Hochschulen bieten wir ganz neu die M\u00f6glichkeit auf ein duales Studium mit Riedel-Schatz.<br \/>Unser famili\u00e4res Unternehmen erm\u00f6glicht ganz praxisnah ein optimales Rund-um-Paket, das bestens auf die Theoriephasen vorbereitet.<\/p><p>Interesse an mehr Infos? Dann melde Dich gerne unter info@riedel-schatz-buero.de<\/p>\t\t\t\t\t\t<\/div>\n\t\t\t\t<\/div>\n\t\t\t\t<div class=\"elementor-element elementor-element-519439b jltma-glass-effect-no elementor-widget elementor-widget-spacer\" data-id=\"519439b\" data-element_type=\"widget\" data-widget_type=\"spacer.default\">\n\t\t\t\t<div class=\"elementor-widget-container\">\n\t\t\t\t\t<div class=\"elementor-spacer\">\n\t\t\t<div class=\"elementor-spacer-inner\"><\/div>\n\t\t<\/div>\n\t\t\t\t<\/div>\n\t\t\t\t<\/div>\n\t\t\t\t\t<\/div>\n\t\t\t\t<\/div>\n\t\t\t\t\t<\/div>\n\t\t\t\t<\/div>\n\t\t<div class=\"elementor-element elementor-element-8bd717e e-flex e-con-boxed e-con\" data-id=\"8bd717e\" data-element_type=\"container\" data-settings=\"{&quot;content_width&quot;:&quot;boxed&quot;}\">\n\t\t\t\t\t<div class=\"e-con-inner\">\n\t\t<div class=\"elementor-element elementor-element-5e929bf e-flex e-con-boxed e-con\" data-id=\"5e929bf\" data-element_type=\"container\" data-settings=\"{&quot;content_width&quot;:&quot;boxed&quot;}\">\n\t\t\t\t\t<div class=\"e-con-inner\">\n\t\t\t\t<div class=\"elementor-element elementor-element-f652104 jltma-glass-effect-no elementor-widget elementor-widget-heading\" data-id=\"f652104\" data-element_type=\"widget\" data-widget_type=\"heading.default\">\n\t\t\t\t<div class=\"elementor-widget-container\">\n\t\t\t<h2 class=\"elementor-heading-title elementor-size-default\">Nebenjob<\/h2>\t\t<\/div>\n\t\t\t\t<\/div>\n\t\t\t\t<div class=\"elementor-element elementor-element-8a2db04 jltma-glass-effect-no elementor-widget elementor-widget-heading\" data-id=\"8a2db04\" data-element_type=\"widget\" data-widget_type=\"heading.default\">\n\t\t\t\t<div class=\"elementor-widget-container\">\n\t\t\t<h3 class=\"elementor-heading-title elementor-size-default\">geringf\u00fcgig besch\u00e4ftigt\n\n<\/h3>\t\t<\/div>\n\t\t\t\t<\/div>\n\t\t\t\t<div class=\"elementor-element elementor-element-00e876f jltma-glass-effect-no elementor-widget elementor-widget-image\" data-id=\"00e876f\" data-element_type=\"widget\" data-widget_type=\"image.default\">\n\t\t\t\t<div class=\"elementor-widget-container\">\n\t\t\t\t\t\t\t\t\t\t\t\t\t\t\t<img decoding=\"async\" width=\"1024\" height=\"885\" src=\"https:\/\/riedel-schatz.de\/wp-content\/uploads\/2016\/06\/Home-follow-us-1024x885.png\" class=\"attachment-large size-large wp-image-1842\" alt=\"\" loading=\"lazy\" srcset=\"https:\/\/riedel-schatz.de\/wp-content\/uploads\/2016\/06\/Home-follow-us-1024x885.png 1024w, https:\/\/riedel-schatz.de\/wp-content\/uploads\/2016\/06\/Home-follow-us-300x259.png 300w, https:\/\/riedel-schatz.de\/wp-content\/uploads\/2016\/06\/Home-follow-us-768x664.png 768w, https:\/\/riedel-schatz.de\/wp-content\/uploads\/2016\/06\/Home-follow-us-200x173.png 200w, https:\/\/riedel-schatz.de\/wp-content\/uploads\/2016\/06\/Home-follow-us-400x346.png 400w, https:\/\/riedel-schatz.de\/wp-content\/uploads\/2016\/06\/Home-follow-us-600x519.png 600w, https:\/\/riedel-schatz.de\/wp-content\/uploads\/2016\/06\/Home-follow-us-800x692.png 800w, https:\/\/riedel-schatz.de\/wp-content\/uploads\/2016\/06\/Home-follow-us.png 1042w\" sizes=\"(max-width: 1024px) 100vw, 1024px\" \/>\t\t\t\t\t\t\t\t\t\t\t\t\t\t\t<\/div>\n\t\t\t\t<\/div>\n\t\t\t\t<div class=\"elementor-element elementor-element-6f42fdc jltma-glass-effect-no elementor-widget elementor-widget-text-editor\" data-id=\"6f42fdc\" data-element_type=\"widget\" data-widget_type=\"text-editor.default\">\n\t\t\t\t<div class=\"elementor-widget-container\">\n\t\t\t\t\t\t\t<div class=\"fusion-text fusion-text-4\"><p>Sie suchen eine geringf\u00fcgig besch\u00e4ftigte Nebent\u00e4tigkeit? Sie haben ein kompetentes, sympathisches Auftreten, sowie ein gepflegtes Erscheinungsbild? Sie sind\u00a0 zuverl\u00e4ssig, motiviert und serviceorientiert?<br \/>Unser famili\u00e4res Team freut sich auf neue tatkr\u00e4ftige Unterst\u00fctzung \u2013 wenn Sie das sein m\u00f6chten, dann senden Sie uns bitte Ihre Bewerbung an info@riedel-schatz-buero.de<\/p><\/div><div class=\"fusion-text fusion-text-5\">\u00a0<\/div>\t\t\t\t\t\t<\/div>\n\t\t\t\t<\/div>\n\t\t\t\t\t<\/div>\n\t\t\t\t<\/div>\n\t\t<div class=\"elementor-element elementor-element-ff24316 e-flex e-con-boxed e-con\" data-id=\"ff24316\" data-element_type=\"container\" data-settings=\"{&quot;content_width&quot;:&quot;boxed&quot;}\">\n\t\t\t\t\t<div class=\"e-con-inner\">\n\t\t\t\t\t<\/div>\n\t\t\t\t<\/div>\n\t\t\t\t\t<\/div>\n\t\t\t\t<\/div>\n\t\t\t\t\t\t\t<\/div>\n\t\t","protected":false},"excerpt":{"rendered":"<p>Wir stellen ein Jobangebote Verk\u00e4uferin in Teil-\/Vollzeit im Bereich Mode oder Wohnen &#038; Schenken Sie haben Berufserfahrung im Verkauf, ein kompetentes, sympathisches Auftreten sowie gepflegtes Erscheinungsbild und begeistern sich f\u00fcr Markenmode, Trends und ausgefallene Kombinationsm\u00f6glichkeiten? Oder sie lieben es Ihr Zuhause\u00a0 sch\u00f6n und immer trendbewusst zu gestalten?Wenn sie jetzt noch verantwortungsvoll, zuverl\u00e4ssig, motivierte und serviceorientiert &hellip;<\/p>\n<p class=\"read-more\"> <a class=\"\" href=\"https:\/\/riedel-schatz.de\/?page_id=2710\"> <span class=\"screen-reader-text\">Jobangebote<\/span> Weiterlesen &raquo;<\/a><\/p>\n","protected":false},"author":32,"featured_media":0,"parent":0,"menu_order":0,"comment_status":"closed","ping_status":"closed","template":"","meta":{"_monsterinsights_skip_tracking":false,"_monsterinsights_sitenote_active":false,"_monsterinsights_sitenote_note":"","_monsterinsights_sitenote_category":0,"site-sidebar-layout":"default","site-content-layout":"default","ast-global-header-display":"","ast-banner-title-visibility":"","ast-main-header-display":"","ast-hfb-above-header-display":"","ast-hfb-below-header-display":"","ast-hfb-mobile-header-display":"","site-post-title":"","ast-breadcrumbs-content":"","ast-featured-img":"","footer-sml-layout":"","theme-transparent-header-meta":"","adv-header-id-meta":"","stick-header-meta":"","header-above-stick-meta":"","header-main-stick-meta":"","header-below-stick-meta":"","two_page_speed":{"current_score":{"desktop_score":85,"desktop_tti":"0.7\u00a0","mobile_score":67,"mobile_tti":"11.5\u00a0","date":"22.06.2023 08:51:41 am","status":"completed"}}},"aioseo_notices":[],"_links":{"self":[{"href":"https:\/\/riedel-schatz.de\/index.php?rest_route=\/wp\/v2\/pages\/2710"}],"collection":[{"href":"https:\/\/riedel-schatz.de\/index.php?rest_route=\/wp\/v2\/pages"}],"about":[{"href":"https:\/\/riedel-schatz.de\/index.php?rest_route=\/wp\/v2\/types\/page"}],"author":[{"embeddable":true,"href":"https:\/\/riedel-schatz.de\/index.php?rest_route=\/wp\/v2\/users\/32"}],"replies":[{"embeddable":true,"href":"https:\/\/riedel-schatz.de\/index.php?rest_route=%2Fwp%2Fv2%2Fcomments&post=2710"}],"version-history":[{"count":32,"href":"https:\/\/riedel-schatz.de\/index.php?rest_route=\/wp\/v2\/pages\/2710\/revisions"}],"predecessor-version":[{"id":3956,"href":"https:\/\/riedel-schatz.de\/index.php?rest_route=\/wp\/v2\/pages\/2710\/revisions\/3956"}],"wp:attachment":[{"href":"https:\/\/riedel-schatz.de\/index.php?rest_route=%2Fwp%2Fv2%2Fmedia&parent=2710"}],"curies":[{"name":"wp","href":"https:\/\/api.w.org\/{rel}","templated":true}]}}